
175
Let l(n) = -10*n**2 - 20*n + 1. Let a = 82 - 84. Calculate the remainder when 5 is divided by l(a).
0
What is the remainder when (33/(-4))/((88/544)/(-11)) is divided by 27?
21
Let v(n) = n**3 + 9*n**2 + 24*n - 51. Let r(h) = -2*h**3 - 8*h**2 - 25*h + 51. Let j(g) = 2*r(g) + 3*v(g). Calculate the remainder when j(12) is divided by 34.
1
Let c = 94 - 91. Let v be (0 + 1)/c*(37 - 1). Suppose -130 = -l - v*l. Calculate the remainder when 19 is divided by l.
9
Let j(q) = -q**2 + 7*q + 4. Let f be j(-7). Let u = 115 + f. Calculate the remainder when 41*10/2*(22 - u) is divided by 52.
49
Suppose -31*r + 627 + 2597 = 0. What is the remainder when 242 is divided by r?
34
Let j(p) = p**2 + 7*p - 13. Let v(k) = 14*k**2 + 1. Suppose 2*r + 6 = 0, d + 4*r - 2 + 15 = 0. Calculate the remainder when v(d) is divided by j(-9).
0
Let b(j) = 3*j**2 - 7*j - 5. What is the remainder when -5 - ((4 - 2) + -70) - 5 is divided by b(4)?
13
What is the remainder when 1/(-27) + 90107546/14958 is divided by 134?
128
Suppose 3*k = k + 6. Suppose 2*r = -0*r + 4. Suppose q + 5*p = 16, q - 2*p - r = -0*p. Calculate the remainder when q is divided by k.
0
Suppose -31 = -27*g + 23. Suppose 0 = -g*o + x - 3*x + 596, 2*x + 1192 = 4*o. What is the remainder when o is divided by 15?
13
Calculate the remainder when 373 is divided by ((-132)/33)/(195/(-96) - -2).
117
Suppose 0 = 4*t + 3*a - 390, 0 = -4*t + 4*a + 299 + 105. Suppose 0 = 18*d - t - 297. Calculate the remainder when 329 is divided by d.
21
Suppose -4*r + 9*a = -497, a = -100 + 91. What is the remainder when r is divided by 31 - (0 + 3 - 1)?
17
Suppose -7*r + 30 = -r. Suppose -r*y - 2*b + 81 = -46, -4*y + 3*b = -120. What is the remainder when 52 is divided by y?
25
Suppose -9*v + 12*v - 1411 = 1796. What is the remainder when v is divided by 63?
61
Suppose 2*g - 426 = -2*g + 5*r, -2*r = -5*g + 524. Let f = 6641 - 6620. What is the remainder when g is divided by f?
20
Let x(a) = -a**3 + 15*a**2 - 28*a - 46. What is the remainder when x(7) is divided by 77?
73
Let m(j) = j**2 + 65*j + 550. Calculate the remainder when m(-8) is divided by 76.
18
Let x(j) = 5*j + 8. Let a be -1*(-2 - -1)*41. What is the remainder when x(a) is divided by 5?
3
Suppose 97*p - 4439 = 3871 - 1132. What is the remainder when 241 is divided by p?
19
Let z(b) = -2*b**3 + 16*b**2 + 90*b + 110. Calculate the remainder when z(-6) is divided by 29.
27
Let z be 5*(-36)/30 - -9. Let u(c) = 14*c**2 - c - 18. Calculate the remainder when 628 is divided by u(z).
103
Let p(w) = 5*w - 40. Let o be 9/(-15) + 1 + (-166)/(-10). Suppose 0 = -5*q - o + 82. Calculate the remainder when p(q) is divided by 16.
9
Let o(g) = g**3 - 46*g**2 + 172*g - 157. Let r(p) = -p**2 - 6*p + 4. Let c be r(-6). Suppose 81 - 201 = -c*d. What is the remainder when d is divided by o(42)?
8
Suppose -2*c - 210 = -5*o, 3*o = -0*o - 5*c + 126. Suppose -20*j = -0*j - 3300. Calculate the remainder when j is divided by o.
39
Let k = -2000 - -2051. Suppose 3*t + y = 6*y + 48, -5*y = 4*t - 99. Calculate the remainder when k is divided by t.
9
Let q(d) = -d**3 + d**2 - 4*d + 3. Let j(c) = -c**3 + c**2 + 32*c + 6. Let k be j(-5). What is the remainder when q(k) is divided by 28?
15
Let u = -6546 - -7106. Calculate the remainder when u is divided by 180.
20
Let w = 150 - 91. Calculate the remainder when w is divided by (-4)/((-8)/3) + (-1073)/(-58).
19
Let t(q) = -5*q**2 - 5*q + 1. Suppose 5*c + 6*z - 3*z = -22, -4*c - 2*z = 18. Let b be t(c). Calculate the remainder when (b/(-6))/(9/24) is divided by 18.
8
Suppose v = 5*z - 219, 0*z + 12 = -4*z. Let j = v - -270. What is the remainder when j is divided by 13?
10
Let j be (52/5 - 2)*15/(-3). Let r = j + 43. Calculate the remainder when (r/6*2)/(12/3852) is divided by 22.
19
Let z be (9/2 - 0)/((-35)/(-490)). Suppose -z = -5*c - 8. Suppose 0*u = -3*u + 2*s + 85, 5*s = 3*u - 91. Calculate the remainder when u is divided by c.
5
Let i(h) = -16*h + 24. Calculate the remainder when 414 is divided by i(-1).
14
Let r(z) = 3*z**3 + 184*z**2 - 124*z + 83. Calculate the remainder when 1009 is divided by r(-62).
13
Let k(y) = 9*y - 27. Let c be k(-7). Let v = -95 + 155. Calculate the remainder when v is divided by (-840)/c*18/8.
18
Calculate the remainder when 411 is divided by (-182)/(-8) - (-9 - 490/(-56)).
20
Suppose 4*k - 67 = -3*a, 2*a + k = 6*a - 121. Let o(f) be the second derivative of 113*f**3/6 + f. Calculate the remainder when o(1) is divided by a.
26
Let k = -962 - -1797. Suppose -k = 144*w - 149*w. Calculate the remainder when w is divided by 13.
11
Let j be 1 + 6 + (-9 - -12). What is the remainder when 32 is divided by (-4)/(-18) - (j + (-1568)/72)?
8
Let s(g) = 26 + 288 + 995*g - 1000*g. Calculate the remainder when s(35) is divided by 75.
64
Let x(k) = -13*k - 42. Let n be x(-7). Suppose -4*z - 3*z = -n. Let o(i) = i**3 + 11*i**2 - 15*i + 5. Calculate the remainder when o(-12) is divided by z.
6
Suppose -5*p + 2416 = -0*p - 3*m, 5*p + 3*m = 2434. Suppose 5*w = 4*k - 7*k + p, -334 = -2*k + 2*w. What is the remainder when k is divided by 42?
39
Let q = 28 + -4. Let s be q/9 + (-3)/(-9). Suppose -s*m = -x + 35 - 7, -3*x = -2*m - 70. Calculate the remainder when x is divided by 14.
8
Suppose 7 - 13 = -k. Suppose -5*c = -k*c + 17. Calculate the remainder when (-726)/(-55)*(-10)/(-3) is divided by c.
10
Suppose u + 134 = 6. What is the remainder when (-2 + 7)*4/4 + 24 is divided by -1 - -1 - u/8?
13
Let v be (4 + -6)/6*-6. Calculate the remainder when -3*(-100)/6*v is divided by 23.
8
Let t(h) = -h**2 + 157*h - 1047. Calculate the remainder when t(147) is divided by 141.
0
Suppose -66*w - 1147 + 4315 = 0. Calculate the remainder when 77 is divided by w.
29
Let k(b) = -2*b**3 - 7*b**2 + 4*b - 23. Let g be k(-6). Let w = g - 91. What is the remainder when 74 is divided by w?
32
Let l(z) = -z**3 + 11*z**2 - 22*z + 2. Let s(f) = -2*f**2 - f + 20. Let x be s(-3). What is the remainder when 176 is divided by l(x)?
8
Let i be 106*(5 - (-2 - 30/(-12))). Let a = i - 448. What is the remainder when 114 is divided by a?
27
Let x(k) = 8*k**2 - 150*k - 16. Calculate the remainder when 1766 is divided by x(19).
6
Let l = 240 - 135. Suppose 10 = -2*j + 2, -5*j = s - l. Suppose 454 = 2*w + 2*c, -4*c - s = w - 349. What is the remainder when w is divided by 33?
30
Suppose 166*r - 58 = -5*j + 164*r, r + 36 = 4*j. Suppose -2*a - 42 = -3*a + 3*x, 2*a - 5*x = 84. Let i = a + -13. What is the remainder when i is divided by j?
9
Suppose 391 + 729 = 10*t. Suppose 3*p + t = 5*p. Let u = -411 + 426. What is the remainder when p is divided by u?
11
Suppose -53*p + 51*p + 8 = 0, 0 = 2*c + 5*p - 258. Calculate the remainder when c is divided by 4.
3
Let c = 506 - 496. Suppose 3*v - 12*h - 667 = -c*h, -897 = -4*v - 5*h. Calculate the remainder when v is divided by 115.
108
Let z(l) = l**3 - 4*l**2 + 3*l - 8. Let r be z(4). Let b = 0 + r. Calculate the remainder when 12 is divided by (-644)/(-69) - b/3.
4
Let q be 3*((-6)/30 + (-16)/(-5)). Let w(a) = 6 - 3 + 0 + q*a**2 - 2*a - 4. Calculate the remainder when 114 is divided by w(-2).
36
Let q(a) = -26*a - 11. Let t be q(-1). Let z = 45 - t. Calculate the remainder when 598 is divided by z.
28
Suppose 10*r - 714 - 246 = 0. What is the remainder when r is divided by 21?
12
Let u = -637 - -668. Suppose 4*m - 3*p - 292 = 0, 2*m - 2*p - 148 = -0*p. Let a = m - 12. What is the remainder when a is divided by u?
27
What is the remainder when 2541 is divided by ((-48)/(-18))/(-4) - (-282)/54*3?
6
Suppose 376 = 5*h - f, 0 = f - 3*f - 2. Suppose 0 = 12*x - 159 + 75. Calculate the remainder when h is divided by x.
5
Suppose 9*x + t = 4*x + 74, 2*x - 3*t - 33 = 0. What is the remainder when 737 is divided by x?
2
Let f(l) = -17*l + 127. Suppose 3*p - 6 = -o, p - 4*o - 3 = -1. What is the remainder when f(7) is divided by p?
0
Suppose -4*q - 4*a = -861 - 95, 5*a = q - 275. Calculate the remainder when q is divided by 118.
9
Suppose 435 = 5*b - b - 3*u, 4*b + 3*u = 429. Suppose -2*v + 40 = -290. Calculate the remainder when v is divided by (b/(-45))/(1/(-10)).
21
Let k be -5*((0 - 6) + -4). Suppose -150 = 20*q - k*q. Suppose 2*f - 96 = -2*f. Calculate the remainder when f is divided by q.
4
Calculate the remainder when 429/(-88) + 5 -